when 13887 is divided by 29.
25
What is the remainder when 3501 is divided by 302?
179
What is the remainder when 4592 is divided by 514?
480
Calculate the remainder when 5525 is divided by 74.
49
Calculate the remainder when 13761 is divided by 766.
739
What is the remainder when 49462 is divided by 6182?
6
Calculate the remainder when 19681 is divided by 203.
193
Calculate the remainder when 85810 is divided by 543.
16
What is the remainder when 29148 is divided by 49?
42
Calculate the remainder when 9007 is divided by 22.
9
Calculate the remainder when 145141 is divided by 72566.
9
What is the remainder when 1357 is divided by 165?
37
What is the remainder when 448 is divided by 5?
3
Calculate the remainder when 110925 is divided by 23.
19
What is the remainder when 13211 is divided by 118?
113
What is the remainder when 1701 is divided by 329?
56
What is the remainder when 120126 is divided by 64?
62
What is the remainder when 142802 is divided by 27?
26
What is the remainder when 468 is divided by 440?
28
Calculate the remainder when 1017 is divided by 135.
72
Calculate the remainder when 16022 is divided by 79.
64
Calculate the remainder when 369 is divided by 135.
99
Calculate the remainder when 1317 is divided by 132.
129
Calculate the remainder when 5329 is divided by 5329.
0
What is the remainder when 351754 is divided by 54?
52
Calculate the remainder when 279901 is divided by 428.
417
What is the remainder when 110607 is divided by 2127?
3
Calculate the remainder when 18364 is divided by 1235.
1074
Calculate the remainder when 2596 is divided by 828.
112
Calculate the remainder when 803 is divided by 786.
17
Calculate the remainder when 2734 is divided by 862.
148
Calculate the remainder when 4278 is divided by 160.
118
Calculate the remainder when 49565 is divided by 97.
95
What is the remainder when 69427 is divided by 22950?
577
What is the remainder when 2333 is divided by 16?
13
What is the remainder when 195655 is divided by 48906?
31
Calculate the remainder when 3119744 is divided by 641.
638
Calculate the remainder when 14894 is divided by 53.
1
What is the remainder when 43209 is divided by 58?
57
What is the remainder when 9995 is divided by 42?
41
What is the remainder when 2153 is divided by 237?
20
Calculate the remainder when 50238 is divided by 636.
630
What is the remainder when 8942 is divided by 25?
17
What is the remainder when 864686 is divided by 14?
4
What is the remainder when 296786 is divided by 84?
14
What is the remainder when 446461 is divided by 34?
7
Calculate the remainder when 5394 is divided by 180.
174
Calculate the remainder when 258785 is divided by 36961.
58
Calculate the remainder when 669185 is divided by 1582.
1581
What is the remainder when 4859 is divided by 32?
27
What is the remainder when 10196 is divided by 341?
307
Calculate the remainder when 4989 is divided by 1655.
24
What is the remainder when 1618759 is divided by 65?
64
What is the remainder when 2332 is divided by 422?
222
Calculate the remainder when 114151 is divided by 32.
7
What is the remainder when 758 is divided by 148?
18
Calculate the remainder when 2294 is divided by 2096.
198
What is the remainder when 444280 is divided by 1038?
16
What is the remainder when 1092 is divided by 169?
78
What is the remainder when 157053 is divided by 225?
3
What is the remainder when 6688742 is divided by 35?
32
What is the remainder when 904 is divided by 45?
4
What is the remainder when 10749 is divided by 224?
221
What is the remainder when 123356 is divided by 281?
278
What is the remainder when 25512 is divided by 26?
6
What is the remainder when 296701 is divided by 269?
263
Calculate the remainder when 5663163 is divided by 1999.
1995
Calculate the remainder when 31957 is divided by 10.
7
Calculate the remainder when 37532 is divided by 87.
35
What is the remainder when 23560 is divided by 3913?
82
What is the remainder when 11978 is divided by 2971?
94
Calculate the remainder when 7185 is divided by 21.
3
Calculate the remainder when 113963 is divided by 251.
9
What is the remainder when 26344 is divided by 376?
24
Calculate the remainder when 29961 is divided by 422.
421
Calculate the remainder when 12217 is divided by 55.
7
What is the remainder when 14829 is divided by 5?
4
Calculate the remainder when 5614 is divided by 80.
14
Calculate the remainder when 40814 is divided by 40806.
8
What is the remainder when 12329434 is divided by 17?
14
Calculate the remainder when 6306 is divided by 3148.
10
Calculate the remainder when 54756 is divided by 2380.
16
What is the remainder when 27938 is divided by 262?
166
What is the remainder when 49444 is divided by 270?
34
What is the remainder when 19461 is divided by 308?
57
Calculate the remainder when 5722 is divided by 2414.
894
What is the remainder when 430572 is divided by 15?
12
Calculate the remainder when 92292 is divided by 17.
16
What is the remainder when 20385 is divided by 6493?
906
Calculate the remainder when 748409 is divided by 57.
56
Calculate the remainder when 5659 is divided by 322.
185
What is the remainder when 956583 is divided by 1267?
1265
Calculate the remainder when 110 is divided by 102.
8
Calculate the remainder when 83889 is divided by 222.
195
What is the remainder when 1853 is divided by 1789?
64
Calculate the remainder when 59793 is divided by 159.
9
Calculate the remainder when 1585773 is divided by 16.
13
Calculate the remainder when 40831 is divided by 294.
259
What is the remainder when 79119 is divided by 1055?
1049
Calculate the remainder when 31535 is divided by 38.
33
Calculate the remainder when 100312 is divided by 114.
106
What is the remainder when 12069 is divided by 4013?
30
Calculate the remainder when 639007 is divided by 49.
47
Calculate the remainder when 18549 is divided by 1685.
14
What is the remainder when 13502 is divided by 3202?
694
Calculate the remainder when 7851 is divided by 367.
144
Calculate the remainder when 10252 is divided by 137.
114
What is the remainder when 146612 is divided by 164?
160
What is the remainder when 1573 is divided by 65?
13
Calculate the remainder when 22090 is divided by 266.
12
What is the remainder when 194620 is divided by 21623?
13
What is the remainder when 29655 is divided by 689?
28
Calculate the remainder when 563928 is divided by 1256.
1240
What is the remainder when 13999 is divided by 214?
89
Calculate the remainder when 634706 is divided by 15.
11
What is the remainder when 2128 is divided by 1289?
839
What is the remainder when 11662 is divided by 5819?
24
What is the remainder when 6182 is divided by 1946?
344
What is the remainder when 1374 is divided by 209?
120
What is the remainder when 9534 is divided by 1904?
14
What is the remainder when 10726 is divided by 2102?
216
What is the remainder when 24611 is divided by 746?
739
Calculate the remainder when 11568 is divided by 3845.
33
What is the remainder when 725 is divided by 119?
11
What is the remainder when 2586 is divided by 113?
100
What is the remainder when 10115 is divided by 4987?
141
Calculate the remainder when 911 is divided by 543.
368
What is the remainder when 1149 is divided by 189?
15
What is the remainder when 705549 is divided by 54?
39
What is the remainder when 40809 is divided by 20399?
11
Calculate the remainder when 110196 is divided by 637.
632
What is the remainder when 1436 is divided by 164?
124
Calculate the remainder when 13197 is divided by 6274.
649
What is the remainder when 1806 is divided by 874?
58
What is the remainder when 1911 is divided by 1204?
707
Calculate the remainder when 271166 is divided by 16.
14
What is the remainder when 463 is divided by 121?
100
What is the remainder when 5445 is divided by 803?
627
Calculate the remainder when 24799 is divided by 370.
9
What is the remainder when 182902 is divided by 133?
27
Calculate the remainder when 136342 is divided by 152.
150
Calculate the remainder when 312232 is divided by 4660.
12
What is the remainder when 5896 is divided by 17?
14
What is the remainder when 13418 is divided by 11?
9
What is the remainder when 157989 is divided by 305?
304
What is the remainder when 1191 is divided by 130?
21
Calculate the remainder when 600 